{"id":655,"date":"2023-02-24T11:30:39","date_gmt":"2023-02-24T11:30:39","guid":{"rendered":"http:\/\/carisma2023.iceht.forth.gr\/?page_id=655"},"modified":"2023-02-24T11:42:31","modified_gmt":"2023-02-24T11:42:31","slug":"committees","status":"publish","type":"page","link":"http:\/\/carisma2023.iceht.forth.gr\/?page_id=655","title":{"rendered":"Committees"},"content":{"rendered":"\t\t<div data-elementor-type=\"wp-page\" data-elementor-id=\"655\" class=\"elementor elementor-655\">\n\t\t\t\t\t\t\t\t\t<section class=\"elementor-section elementor-top-section elementor-element elementor-element-f85382e elementor-section-boxed elementor-section-height-default elementor-section-height-default\" data-id=\"f85382e\" data-element_type=\"section\">\n\t\t\t\t\t\t<div class=\"elementor-container elementor-column-gap-default\">\n\t\t\t\t\t<div class=\"elementor-column elementor-col-50 elementor-top-column elementor-element elementor-element-9c9b6b8\" data-id=\"9c9b6b8\" data-element_type=\"column\">\n\t\t\t<div class=\"elementor-widget-wrap elementor-element-populated\">\n\t\t\t\t\t\t\t\t<div class=\"elementor-element elementor-element-64850cb elementor-widget elementor-widget-heading\" data-id=\"64850cb\" data-element_type=\"widget\" data-widget_type=\"heading.default\">\n\t\t\t\t<div class=\"elementor-widget-container\">\n\t\t\t<style>\/*! elementor - v3.14.0 - 26-06-2023 *\/\n.elementor-heading-title{padding:0;margin:0;line-height:1}.elementor-widget-heading .elementor-heading-title[class*=elementor-size-]>a{color:inherit;font-size:inherit;line-height:inherit}.elementor-widget-heading .elementor-heading-title.elementor-size-small{font-size:15px}.elementor-widget-heading .elementor-heading-title.elementor-size-medium{font-size:19px}.elementor-widget-heading .elementor-heading-title.elementor-size-large{font-size:29px}.elementor-widget-heading .elementor-heading-title.elementor-size-xl{font-size:39px}.elementor-widget-heading .elementor-heading-title.elementor-size-xxl{font-size:59px}<\/style><h2 class=\"elementor-heading-title elementor-size-default\">Conference Chair<\/h2>\t\t<\/div>\n\t\t\t\t<\/div>\n\t\t\t\t<div class=\"elementor-element elementor-element-bec76e4 elementor-widget elementor-widget-text-editor\" data-id=\"bec76e4\" data-element_type=\"widget\" data-widget_type=\"text-editor.default\">\n\t\t\t\t<div class=\"elementor-widget-container\">\n\t\t\t<style>\/*! elementor - v3.14.0 - 26-06-2023 *\/\n.elementor-widget-text-editor.elementor-drop-cap-view-stacked .elementor-drop-cap{background-color:#69727d;color:#fff}.elementor-widget-text-editor.elementor-drop-cap-view-framed .elementor-drop-cap{color:#69727d;border:3px solid;background-color:transparent}.elementor-widget-text-editor:not(.elementor-drop-cap-view-default) .elementor-drop-cap{margin-top:8px}.elementor-widget-text-editor:not(.elementor-drop-cap-view-default) .elementor-drop-cap-letter{width:1em;height:1em}.elementor-widget-text-editor .elementor-drop-cap{float:left;text-align:center;line-height:1;font-size:50px}.elementor-widget-text-editor .elementor-drop-cap-letter{display:inline-block}<\/style>\t\t\t\t<p>Maria Daletou &#8211; ICEHT\/FORTH<\/p>\t\t\t\t\t\t<\/div>\n\t\t\t\t<\/div>\n\t\t\t\t<div class=\"elementor-element elementor-element-28384cf elementor-widget elementor-widget-heading\" data-id=\"28384cf\" data-element_type=\"widget\" data-widget_type=\"heading.default\">\n\t\t\t\t<div class=\"elementor-widget-container\">\n\t\t\t<h2 class=\"elementor-heading-title elementor-size-default\">Local Organizing Committee<\/h2>\t\t<\/div>\n\t\t\t\t<\/div>\n\t\t\t\t<div class=\"elementor-element elementor-element-215e95b elementor-widget elementor-widget-text-editor\" data-id=\"215e95b\" data-element_type=\"widget\" data-widget_type=\"text-editor.default\">\n\t\t\t\t<div class=\"elementor-widget-container\">\n\t\t\t\t\t\t\t<p>Stylianos\u00a0 Neophytides &#8211; ICEHT\/FORTH<\/p><p>Joannis\u00a0 Kallitsis &#8211; Univ. of Patras<\/p><p>Katerina Andreopoulou &#8211; Univ. of Patras<\/p><p>Alexandros Katsaounis &#8211; Univ. of Patras<\/p><p>Stella Ballomenou &#8211; CPERI\/CERTH<\/p><p>Angeliki Kosmatou &#8211; ICEHT\/FORTH<\/p>\t\t\t\t\t\t<\/div>\n\t\t\t\t<\/div>\n\t\t\t\t\t<\/div>\n\t\t<\/div>\n\t\t\t\t<div class=\"elementor-column elementor-col-50 elementor-top-column elementor-element elementor-element-26ff3bd\" data-id=\"26ff3bd\" data-element_type=\"column\">\n\t\t\t<div class=\"elementor-widget-wrap elementor-element-populated\">\n\t\t\t\t\t\t\t\t<div class=\"elementor-element elementor-element-8ff8452 elementor-widget elementor-widget-heading\" data-id=\"8ff8452\" data-element_type=\"widget\" data-widget_type=\"heading.default\">\n\t\t\t\t<div class=\"elementor-widget-container\">\n\t\t\t<h2 class=\"elementor-heading-title elementor-size-default\">International Scientific Committee<\/h2>\t\t<\/div>\n\t\t\t\t<\/div>\n\t\t\t\t<div class=\"elementor-element elementor-element-7aded81 elementor-widget elementor-widget-text-editor\" data-id=\"7aded81\" data-element_type=\"widget\" data-widget_type=\"text-editor.default\">\n\t\t\t\t<div class=\"elementor-widget-container\">\n\t\t\t\t\t\t\t<p><span id=\"page35R_mcid0\" class=\"markedContent\"><span dir=\"ltr\" role=\"presentation\">Deborah Jones<\/span><\/span><span id=\"page35R_mcid1\" class=\"markedContent\"> <span dir=\"ltr\" role=\"presentation\">&#8211;<\/span><\/span><span id=\"page35R_mcid2\" class=\"markedContent\"> <span dir=\"ltr\" role=\"presentation\">Universit\u00e9 Montpellier (FR)<\/span><\/span><span id=\"page35R_mcid3\" class=\"markedContent\"><br role=\"presentation\" \/><span dir=\"ltr\" role=\"presentation\">Brian<\/span><\/span><span id=\"page35R_mcid4\" class=\"markedContent\"> <span dir=\"ltr\" role=\"presentation\">Benicewicz<\/span><\/span><span id=\"page35R_mcid5\" class=\"markedContent\"> <span dir=\"ltr\" role=\"presentation\">&#8211;<\/span><\/span><span id=\"page35R_mcid6\" class=\"markedContent\"> <span dir=\"ltr\" role=\"presentation\">University of South Carolina (US)<\/span><\/span><span id=\"page35R_mcid7\" class=\"markedContent\"><br role=\"presentation\" \/><span dir=\"ltr\" role=\"presentation\">Andreas Friedrich<\/span><\/span><span id=\"page35R_mcid8\" class=\"markedContent\"> <span dir=\"ltr\" role=\"presentation\">&#8211;<\/span><\/span><span id=\"page35R_mcid9\" class=\"markedContent\"> <span dir=\"ltr\" role=\"presentation\">DLR Stuttgart (DE)<\/span><\/span><span id=\"page35R_mcid10\" class=\"markedContent\"><br role=\"presentation\" \/><span dir=\"ltr\" role=\"presentation\">Hans Aage Hjuler<\/span><\/span><span id=\"page35R_mcid11\" class=\"markedContent\"> <span dir=\"ltr\" role=\"presentation\">&#8211;<\/span><\/span><span id=\"page35R_mcid12\" class=\"markedContent\"> <span dir=\"ltr\" role=\"presentation\">Blue World Technologies (DK)<\/span><\/span><span id=\"page35R_mcid13\" class=\"markedContent\"><br role=\"presentation\" \/><span dir=\"ltr\" role=\"presentation\">Steven<\/span><\/span><span id=\"page35R_mcid14\" class=\"markedContent\"> <span dir=\"ltr\" role=\"presentation\">Holdcroft<\/span><\/span><span id=\"page35R_mcid15\" class=\"markedContent\"> <span dir=\"ltr\" role=\"presentation\">&#8211;<\/span><\/span><span id=\"page35R_mcid16\" class=\"markedContent\"> <span dir=\"ltr\" role=\"presentation\">Simon Fraser University (CA)<\/span><\/span><span id=\"page35R_mcid17\" class=\"markedContent\"><br role=\"presentation\" \/><span dir=\"ltr\" role=\"presentation\">Jens<\/span><\/span><span id=\"page35R_mcid18\" class=\"markedContent\"> <span dir=\"ltr\" role=\"presentation\">Oluf<\/span><\/span><span id=\"page35R_mcid19\" class=\"markedContent\"> <span dir=\"ltr\" role=\"presentation\">Jensen<\/span><\/span><span id=\"page35R_mcid20\" class=\"markedContent\"> <span dir=\"ltr\" role=\"presentation\">&#8211;<\/span><\/span><span id=\"page35R_mcid21\" class=\"markedContent\"> <span dir=\"ltr\" role=\"presentation\">Technical University of Denmark (DK)<\/span><\/span><span id=\"page35R_mcid22\" class=\"markedContent\"><br role=\"presentation\" \/><span dir=\"ltr\" role=\"presentation\">Klaus<\/span><\/span><span id=\"page35R_mcid23\" class=\"markedContent\"><span dir=\"ltr\" role=\"presentation\">&#8211;<\/span><\/span><span id=\"page35R_mcid24\" class=\"markedContent\"><span dir=\"ltr\" role=\"presentation\">Dieter Kreuer<\/span><\/span><span id=\"page35R_mcid25\" class=\"markedContent\"> <span dir=\"ltr\" role=\"presentation\">&#8211;<\/span><\/span><span id=\"page35R_mcid26\" class=\"markedContent\"> <span dir=\"ltr\" role=\"presentation\">Max<\/span><\/span><span id=\"page35R_mcid27\" class=\"markedContent\"><span dir=\"ltr\" role=\"presentation\">&#8211;<\/span><\/span><span id=\"page35R_mcid28\" class=\"markedContent\"><span dir=\"ltr\" role=\"presentation\">Planck<\/span><\/span><span id=\"page35R_mcid29\" class=\"markedContent\"><span dir=\"ltr\" role=\"presentation\">&#8211;<\/span><\/span><span id=\"page35R_mcid30\" class=\"markedContent\"><span dir=\"ltr\" role=\"presentation\">Inst. Solid St. Res. (DE)<\/span><\/span><span id=\"page35R_mcid31\" class=\"markedContent\"><br role=\"presentation\" \/><span dir=\"ltr\" role=\"presentation\">Justo<\/span><\/span><span id=\"page35R_mcid32\" class=\"markedContent\"> <span dir=\"ltr\" role=\"presentation\">Lobato<\/span><\/span><span id=\"page35R_mcid33\" class=\"markedContent\"> <span dir=\"ltr\" role=\"presentation\">&#8211;<\/span><\/span><span id=\"page35R_mcid34\" class=\"markedContent\"> <span dir=\"ltr\" role=\"presentation\">University Of<\/span><\/span><span id=\"page35R_mcid35\" class=\"markedContent\"> <span dir=\"ltr\" role=\"presentation\">Castilla<\/span><\/span><span id=\"page35R_mcid36\" class=\"markedContent\"><span dir=\"ltr\" role=\"presentation\">&#8211;<\/span><\/span><span id=\"page35R_mcid37\" class=\"markedContent\"><span dir=\"ltr\" role=\"presentation\">la Mancha (ES)<\/span><\/span><span id=\"page35R_mcid38\" class=\"markedContent\"><br role=\"presentation\" \/><span dir=\"ltr\" role=\"presentation\">Pei Kang Shen<\/span><\/span><span id=\"page35R_mcid39\" class=\"markedContent\"> <span dir=\"ltr\" role=\"presentation\">\u2013<\/span><\/span><span id=\"page35R_mcid40\" class=\"markedContent\"> <span dir=\"ltr\" role=\"presentation\">Guangxi<\/span><\/span><span id=\"page35R_mcid41\" class=\"markedContent\"> <span dir=\"ltr\" role=\"presentation\">University<\/span><\/span><span id=\"page35R_mcid42\" class=\"markedContent\"> <span dir=\"ltr\" role=\"presentation\">(CN<\/span><\/span><span id=\"page35R_mcid43\" class=\"markedContent\"><span dir=\"ltr\" role=\"presentation\">)<\/span><\/span><span id=\"page35R_mcid44\" class=\"markedContent\"><br role=\"presentation\" \/><span dir=\"ltr\" role=\"presentation\">Siva Kumar<\/span><\/span><span id=\"page35R_mcid45\" class=\"markedContent\"> <span dir=\"ltr\" role=\"presentation\">Pasupathi<\/span><\/span><span id=\"page35R_mcid46\" class=\"markedContent\"> <span dir=\"ltr\" role=\"presentation\">&#8211;<\/span><\/span><span id=\"page35R_mcid47\" class=\"markedContent\"> <span dir=\"ltr\" role=\"presentation\">University of Western Cape (ZA)<\/span><\/span><span id=\"page35R_mcid48\" class=\"markedContent\"><br role=\"presentation\" \/><span dir=\"ltr\" role=\"presentation\">Bryan<\/span><\/span><span id=\"page35R_mcid49\" class=\"markedContent\"> <span dir=\"ltr\" role=\"presentation\">Pivovar<\/span><\/span><span id=\"page35R_mcid50\" class=\"markedContent\"> <span dir=\"ltr\" role=\"presentation\">&#8211;<\/span><\/span><span id=\"page35R_mcid51\" class=\"markedContent\"> <span dir=\"ltr\" role=\"presentation\">National Renewable Energies Lab. (US)<\/span><\/span><span id=\"page35R_mcid52\" class=\"markedContent\"><br role=\"presentation\" \/><span dir=\"ltr\" role=\"presentation\">Bruno G. Pollet<\/span><\/span><span id=\"page35R_mcid53\" class=\"markedContent\"> <span dir=\"ltr\" role=\"presentation\">\u2013<\/span><\/span><span id=\"page35R_mcid54\" class=\"markedContent\"> <span dir=\"ltr\" role=\"presentation\">L&#8217;Universit\u00e9 du Qu\u00e9bec \u00e0<\/span><\/span><span id=\"page35R_mcid55\" class=\"markedContent\"> <span dir=\"ltr\" role=\"presentation\">Trois<\/span><\/span><span id=\"page35R_mcid56\" class=\"markedContent\"><span dir=\"ltr\" role=\"presentation\">&#8211;<\/span><\/span><span id=\"page35R_mcid57\" class=\"markedContent\"><span dir=\"ltr\" role=\"presentation\">Rivi\u00e8res<\/span><\/span><span id=\"page35R_mcid58\" class=\"markedContent\"> <span dir=\"ltr\" role=\"presentation\">(CA)<\/span><\/span><span id=\"page35R_mcid59\" class=\"markedContent\"><br role=\"presentation\" \/><span dir=\"ltr\" role=\"presentation\">Gregory<\/span><\/span><span id=\"page35R_mcid60\" class=\"markedContent\"> <span dir=\"ltr\" role=\"presentation\">Jerkiewicz<\/span><\/span><span id=\"page35R_mcid61\" class=\"markedContent\"> <span dir=\"ltr\" role=\"presentation\">\u2013<\/span><\/span><span id=\"page35R_mcid62\" class=\"markedContent\"> <span dir=\"ltr\" role=\"presentation\">Queen\u2019s University, Canada (CA)<\/span><\/span><span id=\"page35R_mcid63\" class=\"markedContent\"><br role=\"presentation\" \/><span dir=\"ltr\" role=\"presentation\">Ulrich Stimming<\/span><\/span><span id=\"page35R_mcid64\" class=\"markedContent\"> <span dir=\"ltr\" role=\"presentation\">&#8211;<\/span><\/span><span id=\"page35R_mcid65\" class=\"markedContent\"> <span dir=\"ltr\" role=\"presentation\">University of Newcastle upon Tyne (UK)<\/span><\/span><span id=\"page35R_mcid66\" class=\"markedContent\"><br role=\"presentation\" \/><span dir=\"ltr\" role=\"presentation\">Joannis Kallitsis<\/span><\/span><span id=\"page35R_mcid67\" class=\"markedContent\"> <span dir=\"ltr\" role=\"presentation\">\u2013<\/span><\/span><span id=\"page35R_mcid68\" class=\"markedContent\"> <span dir=\"ltr\" role=\"presentation\">University of<\/span><\/span><span id=\"page35R_mcid69\" class=\"markedContent\"> <span dir=\"ltr\" role=\"presentation\">Patras<\/span><\/span><span id=\"page35R_mcid70\" class=\"markedContent\"> <span dir=\"ltr\" role=\"presentation\">(GR)<\/span><\/span><span id=\"page35R_mcid71\" class=\"markedContent\"><br role=\"presentation\" \/><span dir=\"ltr\" role=\"presentation\">Kenji<\/span><\/span><span id=\"page35R_mcid72\" class=\"markedContent\"> <span dir=\"ltr\" role=\"presentation\">Miyatake<\/span><\/span><span id=\"page35R_mcid73\" class=\"markedContent\"> <span dir=\"ltr\" role=\"presentation\">&#8211;<\/span><\/span><span id=\"page35R_mcid74\" class=\"markedContent\"> <span dir=\"ltr\" role=\"presentation\">University of Yamanashi<\/span><\/span><span id=\"page35R_mcid75\" class=\"markedContent\"> <span dir=\"ltr\" role=\"presentation\">(JP)<\/span><\/span><span id=\"page35R_mcid76\" class=\"markedContent\"><br role=\"presentation\" \/><span dir=\"ltr\" role=\"presentation\">George Bandlamudi<\/span><\/span><span id=\"page35R_mcid77\" class=\"markedContent\"> <span dir=\"ltr\" role=\"presentation\">&#8211;<\/span><\/span><span id=\"page35R_mcid78\" class=\"markedContent\"> <span dir=\"ltr\" role=\"presentation\">ZBT GmbH<\/span><\/span><span id=\"page35R_mcid79\" class=\"markedContent\"> <span dir=\"ltr\" role=\"presentation\">(DE)<\/span><\/span><span id=\"page35R_mcid80\" class=\"markedContent\"><br role=\"presentation\" \/><span dir=\"ltr\" role=\"presentation\">Peter Wagner<\/span><\/span><span id=\"page35R_mcid81\" class=\"markedContent\"> <span dir=\"ltr\" role=\"presentation\">&#8211;<\/span><\/span><span id=\"page35R_mcid82\" class=\"markedContent\"> <span dir=\"ltr\" role=\"presentation\">DLR<\/span><\/span><span id=\"page35R_mcid83\" class=\"markedContent\"> <span dir=\"ltr\" role=\"presentation\">Oldenburg<\/span><\/span><span id=\"page35R_mcid84\" class=\"markedContent\"> <span dir=\"ltr\" role=\"presentation\">(DE)<\/span><\/span><span id=\"page35R_mcid85\" class=\"markedContent\"><br role=\"presentation\" \/><span dir=\"ltr\" role=\"presentation\">Ben Gould<\/span><\/span><span id=\"page35R_mcid86\" class=\"markedContent\"> <span dir=\"ltr\" role=\"presentation\">\u2013<\/span><\/span><span id=\"page35R_mcid87\" class=\"markedContent\"> <span dir=\"ltr\" role=\"presentation\">U.S. N.R.L. (USA)<\/span><\/span><span id=\"page35R_mcid88\" class=\"markedContent\"><br role=\"presentation\" \/><span dir=\"ltr\" role=\"presentation\">Yu<\/span><\/span><span id=\"page35R_mcid89\" class=\"markedContent\"> <span dir=\"ltr\" role=\"presentation\">Seung<\/span><\/span><span id=\"page35R_mcid90\" class=\"markedContent\"> <span dir=\"ltr\" role=\"presentation\">Kim<\/span><\/span><span id=\"page35R_mcid91\" class=\"markedContent\"> <span dir=\"ltr\" role=\"presentation\">\u2013<\/span><\/span><span id=\"page35R_mcid92\" class=\"markedContent\"> <span dir=\"ltr\" role=\"presentation\">LANL (USA)<\/span><\/span><span id=\"page35R_mcid93\" class=\"markedContent\"><br role=\"presentation\" \/><span dir=\"ltr\" role=\"presentation\">Mads<\/span><\/span><span id=\"page35R_mcid94\" class=\"markedContent\"> <span dir=\"ltr\" role=\"presentation\">Friis<\/span><\/span><span id=\"page35R_mcid95\" class=\"markedContent\"> <span dir=\"ltr\" role=\"presentation\">Jensen<\/span><\/span><span id=\"page35R_mcid96\" class=\"markedContent\"> <span dir=\"ltr\" role=\"presentation\">&#8211;<\/span><\/span><span id=\"page35R_mcid97\" class=\"markedContent\"> <span dir=\"ltr\" role=\"presentation\">Blue World Technologies (DK)<\/span><\/span><\/p>\t\t\t\t\t\t<\/div>\n\t\t\t\t<\/div>\n\t\t\t\t\t<\/div>\n\t\t<\/div>\n\t\t\t\t\t\t\t<\/div>\n\t\t<\/section>\n\t\t\t\t\t\t\t<\/div>\n\t\t","protected":false},"excerpt":{"rendered":"<p>Conference Chair Maria Daletou &#8211; ICEHT\/FORTH Local Organizing Committee Stylianos\u00a0 Neophytides &#8211; ICEHT\/FORTH Joannis\u00a0 Kallitsis &#8211; Univ. of Patras Katerina Andreopoulou &#8211; Univ. of Patras Alexandros Katsaounis &#8211; Univ. of Patras Stella Ballomenou &#8211; CPERI\/CERTH Angeliki Kosmatou &#8211; ICEHT\/FORTH International Scientific Committee Deborah Jones &#8211; Universit\u00e9 Montpellier (FR)Brian Benicewicz &#8211; University of South Carolina (US)Andreas [&hellip;]<\/p>\n","protected":false},"author":3,"featured_media":0,"parent":0,"menu_order":0,"comment_status":"closed","ping_status":"closed","template":"","meta":[],"yoast_head":"<!-- This site is optimized with the Yoast SEO plugin v20.11 - https:\/\/yoast.com\/wordpress\/plugins\/seo\/ -->\n<title>Committees - CARISMA2023<\/title>\n<meta name=\"robots\" content=\"index, follow, max-snippet:-1, max-image-preview:large, max-video-preview:-1\" \/>\n<link rel=\"canonical\" href=\"http:\/\/carisma2023.iceht.forth.gr\/?page_id=655\" \/>\n<meta property=\"og:locale\" content=\"en_US\" \/>\n<meta property=\"og:type\" content=\"article\" \/>\n<meta property=\"og:title\" content=\"Committees - CARISMA2023\" \/>\n<meta property=\"og:description\" content=\"Conference Chair Maria Daletou &#8211; ICEHT\/FORTH Local Organizing Committee Stylianos\u00a0 Neophytides &#8211; ICEHT\/FORTH Joannis\u00a0 Kallitsis &#8211; Univ. of Patras Katerina Andreopoulou &#8211; Univ. of Patras Alexandros Katsaounis &#8211; Univ. of Patras Stella Ballomenou &#8211; CPERI\/CERTH Angeliki Kosmatou &#8211; ICEHT\/FORTH International Scientific Committee Deborah Jones &#8211; Universit\u00e9 Montpellier (FR)Brian Benicewicz &#8211; University of South Carolina (US)Andreas [&hellip;]\" \/>\n<meta property=\"og:url\" content=\"http:\/\/carisma2023.iceht.forth.gr\/?page_id=655\" \/>\n<meta property=\"og:site_name\" content=\"CARISMA2023\" \/>\n<meta property=\"article:modified_time\" content=\"2023-02-24T11:42:31+00:00\" \/>\n<meta name=\"twitter:card\" content=\"summary_large_image\" \/>\n<meta name=\"twitter:label1\" content=\"Est. reading time\" \/>\n\t<meta name=\"twitter:data1\" content=\"1 minute\" \/>\n<script type=\"application\/ld+json\" class=\"yoast-schema-graph\">{\"@context\":\"https:\/\/schema.org\",\"@graph\":[{\"@type\":\"WebPage\",\"@id\":\"http:\/\/carisma2023.iceht.forth.gr\/?page_id=655\",\"url\":\"http:\/\/carisma2023.iceht.forth.gr\/?page_id=655\",\"name\":\"Committees - CARISMA2023\",\"isPartOf\":{\"@id\":\"http:\/\/carisma2023.iceht.forth.gr\/#website\"},\"datePublished\":\"2023-02-24T11:30:39+00:00\",\"dateModified\":\"2023-02-24T11:42:31+00:00\",\"breadcrumb\":{\"@id\":\"http:\/\/carisma2023.iceht.forth.gr\/?page_id=655#breadcrumb\"},\"inLanguage\":\"en-US\",\"potentialAction\":[{\"@type\":\"ReadAction\",\"target\":[\"http:\/\/carisma2023.iceht.forth.gr\/?page_id=655\"]}]},{\"@type\":\"BreadcrumbList\",\"@id\":\"http:\/\/carisma2023.iceht.forth.gr\/?page_id=655#breadcrumb\",\"itemListElement\":[{\"@type\":\"ListItem\",\"position\":1,\"name\":\"Home\",\"item\":\"http:\/\/carisma2023.iceht.forth.gr\/\"},{\"@type\":\"ListItem\",\"position\":2,\"name\":\"Committees\"}]},{\"@type\":\"WebSite\",\"@id\":\"http:\/\/carisma2023.iceht.forth.gr\/#website\",\"url\":\"http:\/\/carisma2023.iceht.forth.gr\/\",\"name\":\"CARISMA 2023\",\"description\":\"7th International Conference on Polymer Electrolyte Membrane Fuel Cells &amp; Electrolysis. Materials, Systems &amp; Applications\",\"publisher\":{\"@id\":\"http:\/\/carisma2023.iceht.forth.gr\/#organization\"},\"potentialAction\":[{\"@type\":\"SearchAction\",\"target\":{\"@type\":\"EntryPoint\",\"urlTemplate\":\"http:\/\/carisma2023.iceht.forth.gr\/?s={search_term_string}\"},\"query-input\":\"required name=search_term_string\"}],\"inLanguage\":\"en-US\"},{\"@type\":\"Organization\",\"@id\":\"http:\/\/carisma2023.iceht.forth.gr\/#organization\",\"name\":\"CARISMA 2023\",\"url\":\"http:\/\/carisma2023.iceht.forth.gr\/\",\"logo\":{\"@type\":\"ImageObject\",\"inLanguage\":\"en-US\",\"@id\":\"http:\/\/carisma2023.iceht.forth.gr\/#\/schema\/logo\/image\/\",\"url\":\"http:\/\/carisma2023.iceht.forth.gr\/wp-content\/uploads\/2023\/02\/logo-new-carisma.png\",\"contentUrl\":\"http:\/\/carisma2023.iceht.forth.gr\/wp-content\/uploads\/2023\/02\/logo-new-carisma.png\",\"width\":563,\"height\":100,\"caption\":\"CARISMA 2023\"},\"image\":{\"@id\":\"http:\/\/carisma2023.iceht.forth.gr\/#\/schema\/logo\/image\/\"}}]}<\/script>\n<!-- \/ Yoast SEO plugin. -->","yoast_head_json":{"title":"Committees - CARISMA2023","robots":{"index":"index","follow":"follow","max-snippet":"max-snippet:-1","max-image-preview":"max-image-preview:large","max-video-preview":"max-video-preview:-1"},"canonical":"http:\/\/carisma2023.iceht.forth.gr\/?page_id=655","og_locale":"en_US","og_type":"article","og_title":"Committees - CARISMA2023","og_description":"Conference Chair Maria Daletou &#8211; ICEHT\/FORTH Local Organizing Committee Stylianos\u00a0 Neophytides &#8211; ICEHT\/FORTH Joannis\u00a0 Kallitsis &#8211; Univ. of Patras Katerina Andreopoulou &#8211; Univ. of Patras Alexandros Katsaounis &#8211; Univ. of Patras Stella Ballomenou &#8211; CPERI\/CERTH Angeliki Kosmatou &#8211; ICEHT\/FORTH International Scientific Committee Deborah Jones &#8211; Universit\u00e9 Montpellier (FR)Brian Benicewicz &#8211; University of South Carolina (US)Andreas [&hellip;]","og_url":"http:\/\/carisma2023.iceht.forth.gr\/?page_id=655","og_site_name":"CARISMA2023","article_modified_time":"2023-02-24T11:42:31+00:00","twitter_card":"summary_large_image","twitter_misc":{"Est. reading time":"1 minute"},"schema":{"@context":"https:\/\/schema.org","@graph":[{"@type":"WebPage","@id":"http:\/\/carisma2023.iceht.forth.gr\/?page_id=655","url":"http:\/\/carisma2023.iceht.forth.gr\/?page_id=655","name":"Committees - CARISMA2023","isPartOf":{"@id":"http:\/\/carisma2023.iceht.forth.gr\/#website"},"datePublished":"2023-02-24T11:30:39+00:00","dateModified":"2023-02-24T11:42:31+00:00","breadcrumb":{"@id":"http:\/\/carisma2023.iceht.forth.gr\/?page_id=655#breadcrumb"},"inLanguage":"en-US","potentialAction":[{"@type":"ReadAction","target":["http:\/\/carisma2023.iceht.forth.gr\/?page_id=655"]}]},{"@type":"BreadcrumbList","@id":"http:\/\/carisma2023.iceht.forth.gr\/?page_id=655#breadcrumb","itemListElement":[{"@type":"ListItem","position":1,"name":"Home","item":"http:\/\/carisma2023.iceht.forth.gr\/"},{"@type":"ListItem","position":2,"name":"Committees"}]},{"@type":"WebSite","@id":"http:\/\/carisma2023.iceht.forth.gr\/#website","url":"http:\/\/carisma2023.iceht.forth.gr\/","name":"CARISMA 2023","description":"7th International Conference on Polymer Electrolyte Membrane Fuel Cells &amp; Electrolysis. Materials, Systems &amp; Applications","publisher":{"@id":"http:\/\/carisma2023.iceht.forth.gr\/#organization"},"potentialAction":[{"@type":"SearchAction","target":{"@type":"EntryPoint","urlTemplate":"http:\/\/carisma2023.iceht.forth.gr\/?s={search_term_string}"},"query-input":"required name=search_term_string"}],"inLanguage":"en-US"},{"@type":"Organization","@id":"http:\/\/carisma2023.iceht.forth.gr\/#organization","name":"CARISMA 2023","url":"http:\/\/carisma2023.iceht.forth.gr\/","logo":{"@type":"ImageObject","inLanguage":"en-US","@id":"http:\/\/carisma2023.iceht.forth.gr\/#\/schema\/logo\/image\/","url":"http:\/\/carisma2023.iceht.forth.gr\/wp-content\/uploads\/2023\/02\/logo-new-carisma.png","contentUrl":"http:\/\/carisma2023.iceht.forth.gr\/wp-content\/uploads\/2023\/02\/logo-new-carisma.png","width":563,"height":100,"caption":"CARISMA 2023"},"image":{"@id":"http:\/\/carisma2023.iceht.forth.gr\/#\/schema\/logo\/image\/"}}]}},"_links":{"self":[{"href":"http:\/\/carisma2023.iceht.forth.gr\/index.php?rest_route=\/wp\/v2\/pages\/655"}],"collection":[{"href":"http:\/\/carisma2023.iceht.forth.gr\/index.php?rest_route=\/wp\/v2\/pages"}],"about":[{"href":"http:\/\/carisma2023.iceht.forth.gr\/index.php?rest_route=\/wp\/v2\/types\/page"}],"author":[{"embeddable":true,"href":"http:\/\/carisma2023.iceht.forth.gr\/index.php?rest_route=\/wp\/v2\/users\/3"}],"replies":[{"embeddable":true,"href":"http:\/\/carisma2023.iceht.forth.gr\/index.php?rest_route=%2Fwp%2Fv2%2Fcomments&post=655"}],"version-history":[{"count":25,"href":"http:\/\/carisma2023.iceht.forth.gr\/index.php?rest_route=\/wp\/v2\/pages\/655\/revisions"}],"predecessor-version":[{"id":685,"href":"http:\/\/carisma2023.iceht.forth.gr\/index.php?rest_route=\/wp\/v2\/pages\/655\/revisions\/685"}],"wp:attachment":[{"href":"http:\/\/carisma2023.iceht.forth.gr\/index.php?rest_route=%2Fwp%2Fv2%2Fmedia&parent=655"}],"curies":[{"name":"wp","href":"https:\/\/api.w.org\/{rel}","templated":true}]}}